[Tue Feb 17 15:02:52.143528 2026] [authz_core:error] [pid 1768:tid 3720] [client 139.59.136.184:39994] AH01630: client denied by server configuration: C:/WEBY/start.worxvpn.eu/server-status
[Tue Feb 17 15:03:06.209984 2026] [php:error] [pid 1768:tid 3720] [client 139.59.136.184:37710] script 'C:/WEBY/start.worxvpn.eu/info.php' not found or unable to stat
[Tue Feb 17 15:04:29.451238 2026] [access_compat:error] [pid 1768:tid 3700] [client 34.122.147.229:44717] AH01797: client denied by server configuration: C:/xampp/apache/icons/blank.gif, referer: http://start.worxvpn.eu/
[Tue Feb 17 15:04:29.586525 2026] [access_compat:error] [pid 1768:tid 3700] [client 34.122.147.229:44717] AH01797: client denied by server configuration: C:/xampp/apache/icons/folder.gif, referer: http://start.worxvpn.eu/
[Tue Feb 17 15:33:47.252892 2026] [access_compat:error] [pid 7060:tid 2100] [remote 74.7.243.235:34542] AH01797: client denied by server configuration: C:/xampp/apache/icons/folder.gif, referer: https://start.worxvpn.eu/
[Tue Feb 17 15:34:00.518542 2026] [access_compat:error] [pid 7060:tid 2164] [remote 74.7.243.235:34542] AH01797: client denied by server configuration: C:/xampp/apache/icons/back.gif, referer: https://start.worxvpn.eu/log/
[Tue Feb 17 15:34:39.346522 2026] [access_compat:error] [pid 7060:tid 2460] [remote 74.7.227.30:49100] AH01797: client denied by server configuration: C:/xampp/apache/icons/folder.gif, referer: https://www.start.worxvpn.eu/
[Tue Feb 17 15:34:44.299655 2026] [access_compat:error] [pid 7060:tid 1892] [remote 74.7.227.30:49100] AH01797: client denied by server configuration: C:/xampp/apache/icons/blank.gif, referer: https://www.start.worxvpn.eu/
[Tue Feb 17 15:34:46.658923 2026] [access_compat:error] [pid 7060:tid 1916] [remote 74.7.227.30:49100] AH01797: client denied by server configuration: C:/xampp/apache/icons/text.gif, referer: https://www.start.worxvpn.eu/log/
[Tue Feb 17 15:34:55.315428 2026] [access_compat:error] [pid 7060:tid 2024] [remote 74.7.227.30:49100] AH01797: client denied by server configuration: C:/xampp/apache/icons/back.gif, referer: https://www.start.worxvpn.eu/log/
[Tue Feb 17 15:38:19.580678 2026] [core:error] [pid 7060:tid 3680] (20025)The given path contained wildcard characters: [client 103.4.250.190:30382] AH00036: access to /?C=N;O=D failed (filesystem path 'C:/WEBY/start.worxvpn.eu/?C=N;O=D')
[Tue Feb 17 15:38:20.158741 2026] [core:error] [pid 7060:tid 3824] (20025)The given path contained wildcard characters: [client 103.4.250.190:30392] AH00036: access to /?C=S;O=A failed (filesystem path 'C:/WEBY/start.worxvpn.eu/?C=S;O=A')
[Tue Feb 17 15:38:20.205612 2026] [core:error] [pid 7060:tid 3696] (20025)The given path contained wildcard characters: [client 103.4.250.190:30408] AH00036: access to /?C=D;O=A failed (filesystem path 'C:/WEBY/start.worxvpn.eu/?C=D;O=A')
[Tue Feb 17 15:38:21.346286 2026] [core:error] [pid 7060:tid 3744] (20025)The given path contained wildcard characters: [client 103.4.250.190:30420] AH00036: access to /?C=M;O=A failed (filesystem path 'C:/WEBY/start.worxvpn.eu/?C=M;O=A')
[Tue Feb 17 15:38:25.189989 2026] [core:error] [pid 7060:tid 3744] (20025)The given path contained wildcard characters: [client 103.4.250.190:30420] AH00036: access to /log/?C=N;O=D failed (filesystem path 'C:/WEBY/start.worxvpn.eu/log/?C=N;O=D')
[Tue Feb 17 15:38:25.377683 2026] [core:error] [pid 7060:tid 3752] (20025)The given path contained wildcard characters: [client 103.4.250.190:30418] AH00036: access to /log/?C=S;O=A failed (filesystem path 'C:/WEBY/start.worxvpn.eu/log/?C=S;O=A')
[Tue Feb 17 15:38:26.252436 2026] [core:error] [pid 7060:tid 3696] (20025)The given path contained wildcard characters: [client 103.4.250.190:28502] AH00036: access to /log/?C=D;O=A failed (filesystem path 'C:/WEBY/start.worxvpn.eu/log/?C=D;O=A')
[Tue Feb 17 15:38:26.752719 2026] [core:error] [pid 7060:tid 3680] (20025)The given path contained wildcard characters: [client 103.4.250.190:28532] AH00036: access to /log/?C=M;O=A failed (filesystem path 'C:/WEBY/start.worxvpn.eu/log/?C=M;O=A')
[Tue Feb 17 15:43:40.843104 2026] [access_compat:error] [pid 7060:tid 2416] [remote 72.153.230.168:25986] AH01797: client denied by server configuration: C:/xampp/apache/icons/blank.gif, referer: https://www.start.worxvpn.eu/
[Tue Feb 17 15:43:40.843104 2026] [access_compat:error] [pid 7060:tid 2388] [remote 72.153.230.168:25986] AH01797: client denied by server configuration: C:/xampp/apache/icons/folder.gif, referer: https://www.start.worxvpn.eu/
[Tue Feb 17 16:00:55.105060 2026] [access_compat:error] [pid 7060:tid 2392] [remote 78.138.63.25:33857] AH01797: client denied by server configuration: C:/xampp/apache/icons/blank.gif, referer: https://www.start.worxvpn.eu/
[Tue Feb 17 16:00:55.105060 2026] [access_compat:error] [pid 7060:tid 2412] [remote 78.138.63.25:33857] AH01797: client denied by server configuration: C:/xampp/apache/icons/folder.gif, referer: https://www.start.worxvpn.eu/
[Tue Feb 17 16:01:35.849629 2026] [core:error] [pid 7060:tid 3808] [client 185.177.72.60:51432] AH10244: invalid URI path (/cgi-bin/.%2e/%2e%2e/%2e%2e/%2e%2e/var/www/.env)
[Tue Feb 17 16:01:36.677758 2026] [core:error] [pid 7060:tid 3680] [client 185.177.72.60:51444] AH10244: invalid URI path (/cgi-bin/.%2e/%2e%2e/%2e%2e/%2e%2e/var/www/html/.env)
[Tue Feb 17 16:01:37.819129 2026] [core:error] [pid 7060:tid 3680] [client 185.177.72.60:38406] AH10244: invalid URI path (/cgi-bin/.%2e/%2e%2e/%2e%2e/%2e%2e/app/.env)
[Tue Feb 17 16:01:38.897255 2026] [core:error] [pid 7060:tid 3680] [client 185.177.72.60:38418] AH10244: invalid URI path (/cgi-bin/.%2e/%2e%2e/%2e%2e/%2e%2e/home/www/.env)
[Tue Feb 17 16:01:40.225352 2026] [core:error] [pid 7060:tid 3680] [client 185.177.72.60:38430] AH10244: invalid URI path (/icons/.%2e/%2e%2e/%2e%2e/%2e%2e/var/www/.env)
[Tue Feb 17 16:01:40.944812 2026] [core:error] [pid 7060:tid 3680] [client 185.177.72.60:38436] AH10244: invalid URI path (/icons/.%2e/%2e%2e/%2e%2e/%2e%2e/var/www/html/.env)
[Tue Feb 17 16:01:41.882288 2026] [core:error] [pid 7060:tid 3680] [client 185.177.72.60:38440] AH10244: invalid URI path (/cgi-bin/.%%32%65/.%%32%65/.%%32%65/.%%32%65/var/www/.env)
[Tue Feb 17 16:01:42.038532 2026] [core:error] [pid 7060:tid 3680] [client 185.177.72.60:38454] AH10244: invalid URI path (/cgi-bin/.%%32%65/.%%32%65/.%%32%65/.%%32%65/var/www/html/.env)
[Tue Feb 17 16:01:43.508941 2026] [core:error] [pid 7060:tid 3792] [client 185.177.72.60:51406] AH10244: invalid URI path (/cgi-bin/.%2e/%2e%2e/%2e%2e/%2e%2e/var/www/.env)
[Tue Feb 17 16:01:44.025361 2026] [php:error] [pid 7060:tid 3680] [client 185.177.72.60:38466] script 'C:/WEBY/start.worxvpn.eu/app_dev.php' not found or unable to stat
[Tue Feb 17 16:01:44.103477 2026] [php:error] [pid 7060:tid 3680] [client 185.177.72.60:38466] script 'C:/WEBY/start.worxvpn.eu/app_dev.php' not found or unable to stat
[Tue Feb 17 16:01:44.510375 2026] [php:error] [pid 7060:tid 3680] [client 185.177.72.60:38466] script 'C:/WEBY/start.worxvpn.eu/info.php' not found or unable to stat
[Tue Feb 17 16:01:44.526002 2026] [php:error] [pid 7060:tid 3680] [client 185.177.72.60:38466] script 'C:/WEBY/start.worxvpn.eu/phpinfo.php' not found or unable to stat
[Tue Feb 17 16:01:44.557292 2026] [php:error] [pid 7060:tid 3680] [client 185.177.72.60:38466] script 'C:/WEBY/start.worxvpn.eu/test.php' not found or unable to stat
[Tue Feb 17 16:01:44.572917 2026] [php:error] [pid 7060:tid 3680] [client 185.177.72.60:38466] script 'C:/WEBY/start.worxvpn.eu/i.php' not found or unable to stat
[Tue Feb 17 16:01:44.604130 2026] [php:error] [pid 7060:tid 3680] [client 185.177.72.60:38466] script 'C:/WEBY/start.worxvpn.eu/php_info.php' not found or unable to stat
[Tue Feb 17 16:01:46.029704 2026] [core:error] [pid 7060:tid 3772] [client 185.177.72.60:38480] AH10244: invalid URI path (/cgi-bin/.%2e/%2e%2e/%2e%2e/%2e%2e/var/www/.env)
[Tue Feb 17 16:01:46.060940 2026] [core:error] [pid 7060:tid 3680] [client 185.177.72.60:38466] AH10244: invalid URI path (/cgi-bin/.%2e/%2e%2e/%2e%2e/%2e%2e/var/www/html/.env)
[Tue Feb 17 16:01:46.123454 2026] [core:error] [pid 7060:tid 3680] [client 185.177.72.60:34748] AH10244: invalid URI path (/cgi-bin/.%2e/%2e%2e/%2e%2e/%2e%2e/app/.env)
[Tue Feb 17 16:01:46.217235 2026] [core:error] [pid 7060:tid 3680] [client 185.177.72.60:34750] AH10244: invalid URI path (/cgi-bin/.%2e/%2e%2e/%2e%2e/%2e%2e/home/www/.env)
[Tue Feb 17 16:01:46.264100 2026] [core:error] [pid 7060:tid 3820] [client 185.177.72.60:38488] AH10244: invalid URI path (/cgi-bin/.%2e/%2e%2e/%2e%2e/%2e%2e/var/www/.env)
[Tue Feb 17 16:01:46.295350 2026] [core:error] [pid 7060:tid 3680] [client 185.177.72.60:34756] AH10244: invalid URI path (/icons/.%2e/%2e%2e/%2e%2e/%2e%2e/var/www/.env)
[Tue Feb 17 16:01:46.326600 2026] [core:error] [pid 7060:tid 3820] [client 185.177.72.60:34770] AH10244: invalid URI path (/cgi-bin/.%2e/%2e%2e/%2e%2e/%2e%2e/var/www/html/.env)
[Tue Feb 17 16:01:46.357837 2026] [core:error] [pid 7060:tid 3680] [client 185.177.72.60:34772] AH10244: invalid URI path (/icons/.%2e/%2e%2e/%2e%2e/%2e%2e/var/www/html/.env)
[Tue Feb 17 16:01:46.404712 2026] [core:error] [pid 7060:tid 3820] [client 185.177.72.60:34780] AH10244: invalid URI path (/cgi-bin/.%2e/%2e%2e/%2e%2e/%2e%2e/app/.env)
[Tue Feb 17 16:01:46.451580 2026] [core:error] [pid 7060:tid 3680] [client 185.177.72.60:34786] AH10244: invalid URI path (/cgi-bin/.%%32%65/.%%32%65/.%%32%65/.%%32%65/var/www/.env)
[Tue Feb 17 16:01:46.486023 2026] [core:error] [pid 7060:tid 3820] [client 185.177.72.60:34796] AH10244: invalid URI path (/cgi-bin/.%2e/%2e%2e/%2e%2e/%2e%2e/home/www/.env)
[Tue Feb 17 16:01:46.532959 2026] [core:error] [pid 7060:tid 3680] [client 185.177.72.60:34806] AH10244: invalid URI path (/cgi-bin/.%%32%65/.%%32%65/.%%32%65/.%%32%65/var/www/html/.env)
[Tue Feb 17 16:01:46.548576 2026] [core:error] [pid 7060:tid 3820] [client 185.177.72.60:34808] AH10244: invalid URI path (/icons/.%2e/%2e%2e/%2e%2e/%2e%2e/var/www/.env)
[Tue Feb 17 16:01:46.626700 2026] [core:error] [pid 7060:tid 3680] [client 185.177.72.60:34826] AH10244: invalid URI path (/icons/.%2e/%2e%2e/%2e%2e/%2e%2e/var/www/html/.env)
[Tue Feb 17 16:01:46.689212 2026] [core:error] [pid 7060:tid 3680] [client 185.177.72.60:34832] AH10244: invalid URI path (/cgi-bin/.%%32%65/.%%32%65/.%%32%65/.%%32%65/var/www/.env)
[Tue Feb 17 16:01:46.757412 2026] [core:error] [pid 7060:tid 3772] [client 185.177.72.60:34842] AH10244: invalid URI path (/cgi-bin/.%%32%65/.%%32%65/.%%32%65/.%%32%65/var/www/html/.env)
[Tue Feb 17 16:01:47.257431 2026] [php:error] [pid 7060:tid 3820] [client 185.177.72.60:34822] script 'C:/WEBY/start.worxvpn.eu/app_dev.php' not found or unable to stat
[Tue Feb 17 16:01:47.273066 2026] [php:error] [pid 7060:tid 3820] [client 185.177.72.60:34822] script 'C:/WEBY/start.worxvpn.eu/app_dev.php' not found or unable to stat
[Tue Feb 17 16:01:47.476201 2026] [php:error] [pid 7060:tid 3820] [client 185.177.72.60:34822] script 'C:/WEBY/start.worxvpn.eu/info.php' not found or unable to stat
[Tue Feb 17 16:01:47.491914 2026] [php:error] [pid 7060:tid 3772] [client 185.177.72.60:34856] script 'C:/WEBY/start.worxvpn.eu/app_dev.php' not found or unable to stat
[Tue Feb 17 16:01:47.502002 2026] [php:error] [pid 7060:tid 3820] [client 185.177.72.60:34822] script 'C:/WEBY/start.worxvpn.eu/phpinfo.php' not found or unable to stat
[Tue Feb 17 16:01:47.517696 2026] [php:error] [pid 7060:tid 3772] [client 185.177.72.60:34856] script 'C:/WEBY/start.worxvpn.eu/app_dev.php' not found or unable to stat
[Tue Feb 17 16:01:47.533337 2026] [php:error] [pid 7060:tid 3820] [client 185.177.72.60:34822] script 'C:/WEBY/start.worxvpn.eu/test.php' not found or unable to stat
[Tue Feb 17 16:01:47.548931 2026] [php:error] [pid 7060:tid 3820] [client 185.177.72.60:34822] script 'C:/WEBY/start.worxvpn.eu/i.php' not found or unable to stat
[Tue Feb 17 16:01:47.580220 2026] [php:error] [pid 7060:tid 3820] [client 185.177.72.60:34822] script 'C:/WEBY/start.worxvpn.eu/php_info.php' not found or unable to stat
[Tue Feb 17 16:01:47.689558 2026] [php:error] [pid 7060:tid 3772] [client 185.177.72.60:34856] script 'C:/WEBY/start.worxvpn.eu/info.php' not found or unable to stat
[Tue Feb 17 16:01:47.705230 2026] [php:error] [pid 7060:tid 3772] [client 185.177.72.60:34856] script 'C:/WEBY/start.worxvpn.eu/phpinfo.php' not found or unable to stat
[Tue Feb 17 16:01:47.736652 2026] [php:error] [pid 7060:tid 3772] [client 185.177.72.60:34856] script 'C:/WEBY/start.worxvpn.eu/test.php' not found or unable to stat
[Tue Feb 17 16:01:47.762401 2026] [php:error] [pid 7060:tid 3772] [client 185.177.72.60:34856] script 'C:/WEBY/start.worxvpn.eu/i.php' not found or unable to stat
[Tue Feb 17 16:01:47.778042 2026] [php:error] [pid 7060:tid 3772] [client 185.177.72.60:34856] script 'C:/WEBY/start.worxvpn.eu/php_info.php' not found or unable to stat
[Tue Feb 17 16:01:56.129430 2026] [core:error] [pid 7060:tid 3696] [client 185.177.72.60:41972] AH10244: invalid URI path (/cgi-bin/.%2e/%2e%2e/%2e%2e/%2e%2e/app/.env)
[Tue Feb 17 16:01:57.118711 2026] [core:error] [pid 7060:tid 3820] [client 185.177.72.60:42004] AH10244: invalid URI path (/cgi-bin/.%2e/%2e%2e/%2e%2e/%2e%2e/home/www/.env)
[Tue Feb 17 16:02:13.259135 2026] [core:error] [pid 7060:tid 3688] [client 185.177.72.60:27828] AH10244: invalid URI path (/icons/.%2e/%2e%2e/%2e%2e/%2e%2e/var/www/html/.env)
[Tue Feb 17 16:02:13.982843 2026] [core:error] [pid 7060:tid 3688] [client 185.177.72.60:27834] AH10244: invalid URI path (/cgi-bin/.%%32%65/.%%32%65/.%%32%65/.%%32%65/var/www/.env)
[Tue Feb 17 16:02:17.122442 2026] [core:error] [pid 7060:tid 3688] [client 185.177.72.60:27838] AH10244: invalid URI path (/cgi-bin/.%%32%65/.%%32%65/.%%32%65/.%%32%65/var/www/html/.env)
[Tue Feb 17 16:02:26.197886 2026] [php:error] [pid 7060:tid 3688] [client 185.177.72.60:32384] script 'C:/WEBY/start.worxvpn.eu/app_dev.php' not found or unable to stat
[Tue Feb 17 16:02:26.229138 2026] [php:error] [pid 7060:tid 3688] [client 185.177.72.60:32384] script 'C:/WEBY/start.worxvpn.eu/app_dev.php' not found or unable to stat
[Tue Feb 17 16:02:26.401009 2026] [php:error] [pid 7060:tid 3688] [client 185.177.72.60:32384] script 'C:/WEBY/start.worxvpn.eu/info.php' not found or unable to stat
[Tue Feb 17 16:02:26.416635 2026] [php:error] [pid 7060:tid 3688] [client 185.177.72.60:32384] script 'C:/WEBY/start.worxvpn.eu/phpinfo.php' not found or unable to stat
[Tue Feb 17 16:02:26.447878 2026] [php:error] [pid 7060:tid 3688] [client 185.177.72.60:32384] script 'C:/WEBY/start.worxvpn.eu/test.php' not found or unable to stat
[Tue Feb 17 16:02:26.463508 2026] [php:error] [pid 7060:tid 3688] [client 185.177.72.60:32384] script 'C:/WEBY/start.worxvpn.eu/i.php' not found or unable to stat
[Tue Feb 17 16:02:26.489298 2026] [php:error] [pid 7060:tid 3688] [client 185.177.72.60:32384] script 'C:/WEBY/start.worxvpn.eu/php_info.php' not found or unable to stat
[Tue Feb 17 16:08:37.564245 2026] [access_compat:error] [pid 7060:tid 2148] [remote 54.175.18.96:18487] AH01797: client denied by server configuration: C:/xampp/apache/icons/blank.gif, referer: https://www.start.worxvpn.eu/
[Tue Feb 17 16:08:37.564245 2026] [access_compat:error] [pid 7060:tid 2144] [remote 54.175.18.96:18487] AH01797: client denied by server configuration: C:/xampp/apache/icons/folder.gif, referer: https://www.start.worxvpn.eu/
[Tue Feb 17 16:13:59.747042 2026] [access_compat:error] [pid 7060:tid 2236] [remote 84.254.106.197:41610] AH01797: client denied by server configuration: C:/xampp/apache/icons/folder.gif
[Tue Feb 17 16:13:59.887717 2026] [access_compat:error] [pid 7060:tid 2292] [remote 84.254.106.197:41610] AH01797: client denied by server configuration: C:/xampp/apache/icons/blank.gif
[Tue Feb 17 16:33:04.616860 2026] [access_compat:error] [pid 7060:tid 3580] [client 34.118.198.48:36208] AH01797: client denied by server configuration: C:/xampp/apache/icons/folder.gif
[Tue Feb 17 16:33:05.850756 2026] [access_compat:error] [pid 7060:tid 3868] [client 34.118.198.48:44910] AH01797: client denied by server configuration: C:/xampp/apache/icons/blank.gif
[Tue Feb 17 17:01:51.943712 2026] [core:error] [pid 7060:tid 3676] (20025)The given path contained wildcard characters: [client 103.4.251.187:53390] AH00036: access to /?C=N;O=D failed (filesystem path 'C:/WEBY/start.worxvpn.eu/?C=N;O=D')
[Tue Feb 17 17:01:52.068718 2026] [core:error] [pid 7060:tid 3544] (20025)The given path contained wildcard characters: [client 103.4.251.187:53392] AH00036: access to /?C=M;O=A failed (filesystem path 'C:/WEBY/start.worxvpn.eu/?C=M;O=A')
[Tue Feb 17 17:01:52.115587 2026] [core:error] [pid 7060:tid 3516] (20025)The given path contained wildcard characters: [client 103.4.251.187:53408] AH00036: access to /?C=D;O=A failed (filesystem path 'C:/WEBY/start.worxvpn.eu/?C=D;O=A')
[Tue Feb 17 17:01:52.115587 2026] [core:error] [pid 7060:tid 3604] (20025)The given path contained wildcard characters: [client 103.4.251.187:53398] AH00036: access to /?C=S;O=A failed (filesystem path 'C:/WEBY/start.worxvpn.eu/?C=S;O=A')
[Tue Feb 17 17:01:56.788865 2026] [core:error] [pid 7060:tid 3552] (20025)The given path contained wildcard characters: [client 103.4.251.187:53414] AH00036: access to /log/?C=N;O=D failed (filesystem path 'C:/WEBY/start.worxvpn.eu/log/?C=N;O=D')
[Tue Feb 17 17:01:57.054507 2026] [core:error] [pid 7060:tid 3516] (20025)The given path contained wildcard characters: [client 103.4.251.187:53408] AH00036: access to /log/?C=S;O=A failed (filesystem path 'C:/WEBY/start.worxvpn.eu/log/?C=S;O=A')
[Tue Feb 17 17:01:58.163893 2026] [core:error] [pid 7060:tid 3552] (20025)The given path contained wildcard characters: [client 103.4.251.187:53414] AH00036: access to /log/?C=D;O=A failed (filesystem path 'C:/WEBY/start.worxvpn.eu/log/?C=D;O=A')
[Tue Feb 17 17:01:58.617896 2026] [core:error] [pid 7060:tid 3552] (20025)The given path contained wildcard characters: [client 103.4.251.187:53414] AH00036: access to /log/?C=M;O=A failed (filesystem path 'C:/WEBY/start.worxvpn.eu/log/?C=M;O=A')
[Tue Feb 17 17:09:40.306273 2026] [access_compat:error] [pid 7060:tid 1952] [remote 173.80.120.178:43480] AH01797: client denied by server configuration: C:/xampp/apache/icons/blank.gif, referer: https://www.start.worxvpn.eu/log/
[Tue Feb 17 17:09:40.415651 2026] [access_compat:error] [pid 7060:tid 1896] [remote 173.80.120.178:43480] AH01797: client denied by server configuration: C:/xampp/apache/icons/back.gif, referer: https://www.start.worxvpn.eu/log/
[Tue Feb 17 17:09:40.415651 2026] [access_compat:error] [pid 7060:tid 1956] [remote 173.80.120.178:43480] AH01797: client denied by server configuration: C:/xampp/apache/icons/text.gif, referer: https://www.start.worxvpn.eu/log/
[Tue Feb 17 17:14:21.342517 2026] [access_compat:error] [pid 7060:tid 2188] [remote 149.57.180.57:50034] AH01797: client denied by server configuration: C:/xampp/apache/icons/folder.gif, referer: https://www.start.worxvpn.eu/
[Tue Feb 17 17:14:21.342517 2026] [access_compat:error] [pid 7060:tid 2196] [remote 149.57.180.57:50034] AH01797: client denied by server configuration: C:/xampp/apache/icons/blank.gif, referer: https://www.start.worxvpn.eu/
[Tue Feb 17 17:20:46.280942 2026] [access_compat:error] [pid 7060:tid 2304] [remote 93.177.119.43:50505] AH01797: client denied by server configuration: C:/xampp/apache/icons/blank.gif, referer: https://www.start.worxvpn.eu/
[Tue Feb 17 17:20:46.280942 2026] [access_compat:error] [pid 7060:tid 2340] [remote 93.177.119.43:50505] AH01797: client denied by server configuration: C:/xampp/apache/icons/folder.gif, referer: https://www.start.worxvpn.eu/
[Tue Feb 17 17:43:01.710647 2026] [access_compat:error] [pid 7060:tid 2128] [remote 216.73.216.210:47981] AH01797: client denied by server configuration: C:/xampp/apache/icons/folder.gif
[Tue Feb 17 17:43:21.575717 2026] [access_compat:error] [pid 7060:tid 2196] [remote 216.73.216.210:43381] AH01797: client denied by server configuration: C:/xampp/apache/icons/blank.gif
[Tue Feb 17 17:52:41.403205 2026] [access_compat:error] [pid 7060:tid 2408] [remote 35.94.224.250:50058] AH01797: client denied by server configuration: C:/xampp/apache/icons/folder.gif, referer: https://start.worxvpn.eu/
[Tue Feb 17 17:52:41.403205 2026] [access_compat:error] [pid 7060:tid 2404] [remote 35.94.224.250:50058] AH01797: client denied by server configuration: C:/xampp/apache/icons/blank.gif, referer: https://start.worxvpn.eu/
[Tue Feb 17 17:52:45.001028 2026] [access_compat:error] [pid 7060:tid 2452] [remote 35.94.224.250:40860] AH01797: client denied by server configuration: C:/xampp/apache/icons/blank.gif, referer: https://start.worxvpn.eu/
[Tue Feb 17 17:52:45.001028 2026] [access_compat:error] [pid 7060:tid 2392] [remote 35.94.224.250:40860] AH01797: client denied by server configuration: C:/xampp/apache/icons/folder.gif, referer: https://start.worxvpn.eu/
[Tue Feb 17 17:53:02.458807 2026] [access_compat:error] [pid 7060:tid 2420] [remote 35.94.197.235:38924] AH01797: client denied by server configuration: C:/xampp/apache/icons/folder.gif, referer: https://www.start.worxvpn.eu/
[Tue Feb 17 17:53:02.458807 2026] [access_compat:error] [pid 7060:tid 2444] [remote 35.94.197.235:38924] AH01797: client denied by server configuration: C:/xampp/apache/icons/blank.gif, referer: https://www.start.worxvpn.eu/
[Tue Feb 17 17:53:06.493998 2026] [access_compat:error] [pid 7060:tid 1872] [remote 35.94.197.235:38936] AH01797: client denied by server configuration: C:/xampp/apache/icons/folder.gif, referer: https://www.start.worxvpn.eu/
[Tue Feb 17 17:53:06.493998 2026] [access_compat:error] [pid 7060:tid 2428] [remote 35.94.197.235:38936] AH01797: client denied by server configuration: C:/xampp/apache/icons/blank.gif, referer: https://www.start.worxvpn.eu/